{"id":141,"date":"2009-03-19T21:09:44","date_gmt":"2009-03-19T20:09:44","guid":{"rendered":"http:\/\/www.bjfa.de\/?page_id=141"},"modified":"2009-03-19T21:09:44","modified_gmt":"2009-03-19T20:09:44","slug":"links","status":"publish","type":"page","link":"http:\/\/fab-j.de\/?page_id=141","title":{"rendered":"Links"},"content":{"rendered":"<p>Mit Urteil vom 12.5.1998 &#8211; 312 O 85\/98 hat das Landgericht Hamburg entschieden, dass man durch die Anbringung eines links die Inhalte der gelinkten Seite ggf. mit zu verantworten hat. Dies kann &#8211; so das LG &#8211; nur dadurch verhindert werden, dass man sich ausdr\u00fccklich von den Inhalten aller gelinkten Seiten distanziert.\u00a0Die Verantwortlichen \u00a0dieser Website distanzieren sich ausdr\u00fccklich von den Inhalten aller in dieser Website gelinkten Seiten einschl. Unterseiten und\u00a0sie machen sich deren Inhalt nicht zu eigen.<\/p>\n<p>Architekten- und Ingenieurkammer Schleswig-Holstein<br \/>\n<a href=\"http:\/\/www.aik-sh.de\/\">http:\/\/www.aik-sh.de\/<\/a><\/p>\n<p>Arbeitsgemeinschaft f\u00fcr zeitgem\u00e4\u00dfes Bauen e.V.<br \/>\n<a href=\"http:\/\/www.arge-sh.de\/\">http:\/\/www.arge-sh.de\/<\/a><\/p>\n<p>Informationssystem bauen-sh.de<br \/>\n<a href=\"http:\/\/www.bauen-sh.de\/\">http:\/\/www.bauen-sh.de\/<\/a><\/p>\n<p>Baurecht<br \/>\n<a href=\"http:\/\/www.baurecht.de\/\">http:\/\/www.baurecht.de\/<\/a><\/p>\n<p>Landesregierung Schl.-Holst.\/Beh\u00f6rden\/Kreise\/St\u00e4dte\/Gemeinden<br \/>\n<a href=\"http:\/\/www.schleswig-holstein.de\/\">http:\/\/www.schleswig-holstein.de\/<\/a><a href=\"&lt;br\"><\/a><\/p>\n","protected":false},"excerpt":{"rendered":"<p>Mit Urteil vom 12.5.1998 &#8211; 312 O 85\/98 hat das Landgericht Hamburg entschieden, dass man durch die Anbringung eines links die Inhalte der gelinkten Seite ggf. mit zu verantworten hat. Dies kann &#8211; so das LG &#8211; nur dadurch verhindert &hellip; <a href=\"http:\/\/fab-j.de\/?page_id=141\">Weiterlesen <span class=\"meta-nav\">&rarr;<\/span><\/a><\/p>\n","protected":false},"author":2,"featured_media":0,"parent":0,"menu_order":40,"comment_status":"open","ping_status":"open","template":"","meta":{"footnotes":""},"class_list":["post-141","page","type-page","status-publish","hentry"],"_links":{"self":[{"href":"http:\/\/fab-j.de\/index.php?rest_route=\/wp\/v2\/pages\/141"}],"collection":[{"href":"http:\/\/fab-j.de\/index.php?rest_route=\/wp\/v2\/pages"}],"about":[{"href":"http:\/\/fab-j.de\/index.php?rest_route=\/wp\/v2\/types\/page"}],"author":[{"embeddable":true,"href":"http:\/\/fab-j.de\/index.php?rest_route=\/wp\/v2\/users\/2"}],"replies":[{"embeddable":true,"href":"http:\/\/fab-j.de\/index.php?rest_route=%2Fwp%2Fv2%2Fcomments&post=141"}],"version-history":[{"count":0,"href":"http:\/\/fab-j.de\/index.php?rest_route=\/wp\/v2\/pages\/141\/revisions"}],"wp:attachment":[{"href":"http:\/\/fab-j.de\/index.php?rest_route=%2Fwp%2Fv2%2Fmedia&parent=141"}],"curies":[{"name":"wp","href":"https:\/\/api.w.org\/{rel}","templated":true}]}}